0542187 prime?
True
Is 800942579 composite?
False
Is 3559173103 composite?
True
Is 1191638755961 prime?
True
Is 9383935615 a composite number?
True
Is 96575908229 a prime number?
False
Is 258921966101 a prime number?
False
Is 20952309773 a prime number?
False
Is 424312379 a prime number?
True
Is 7177548821 a prime number?
True
Is 2196783863 prime?
False
Is 16946586941 composite?
False
Is 145360626967 a composite number?
True
Is 1410227539 composite?
True
Is 18932250071 composite?
True
Is 21442565351 a prime number?
False
Is 5003727823 prime?
True
Is 9883937621 a prime number?
True
Is 10179229681 a composite number?
False
Is 335046683 a prime number?
True
Is 19472143307 prime?
True
Is 360773431 a prime number?
False
Is 11945213039 prime?
True
Is 4596459391 composite?
False
Is 533030231 a composite number?
False
Is 5862245989 prime?
True
Is 6399322285 a prime number?
False
Is 7797189503 a composite number?
True
Is 206461153 a composite number?
True
Is 213885501 prime?
False
Is 5391027857 a composite number?
True
Is 3357989003 a prime number?
False
Is 1925696849 composite?
True
Is 1603477019 prime?
False
Is 307945375967 prime?
False
Is 384817273 prime?
False
Is 503131 a composite number?
False
Is 373205666 a composite number?
True
Is 1515207217 prime?
True
Is 34247487511 composite?
True
Is 21057154343 composite?
True
Is 1989077522 prime?
False
Is 857082601 composite?
False
Is 137934363319 composite?
False
Is 11366358307 composite?
False
Is 269256005 a composite number?
True
Is 22666707199 a composite number?
False
Is 5393209751 a composite number?
False
Is 8015408111 a prime number?
True
Is 528370489 a composite number?
True
Is 449740163 a composite number?
True
Is 253596479 composite?
False
Is 98458778573 composite?
True
Is 2354820023 prime?
True
Is 4339629479 prime?
False
Is 1158453767 a composite number?
True
Is 35977723 a prime number?
True
Is 3006404299 a prime number?
True
Is 3019593329 a composite number?
True
Is 3734277667 prime?
True
Is 4458435403 a composite number?
False
Is 56868719371 composite?
False
Is 552795721 composite?
True
Is 10717938461 composite?
True
Is 5317106269 composite?
True
Is 2003145743 prime?
True
Is 1342133473 a composite number?
True
Is 2003469647 composite?
False
Is 762868109 a composite number?
True
Is 365090366 composite?
True
Is 8969117281 a composite number?
False
Is 478883071 a composite number?
True
Is 34257468097 a prime number?
True
Is 547756009 a composite number?
False
Is 16188129077 a prime number?
False
Is 31373119541 a composite number?
False
Is 3027843521 a prime number?
False
Is 1741710541 a composite number?
True
Is 12171911317 prime?
False
Is 2577710717 composite?
True
Is 665266433 prime?
False
Is 4280422943 prime?
False
Is 471014927 prime?
True
Is 26275961307 a composite number?
True
Is 420514547 prime?
True
Is 580337051 composite?
True
Is 14598542597 a prime number?
True
Is 228683969 composite?
False
Is 3785422379 a composite number?
False
Is 70129265 prime?
False
Is 39760834723 a prime number?
False
Is 77458649603 a composite number?
False
Is 45398267 a prime number?
False
Is 5648299 a composite number?
True
Is 1195512431 a prime number?
True
Is 23372984303 a composite number?
True
Is 149480573569 prime?
False
Is 16540098349 a prime number?
False
Is 2976316043 composite?
False
Is 519861961 a prime number?
False
Is 58652799901 a prime number?
True
Is 402575628893 a composite number?
True
Is 14900496337 prime?
True
Is 753979097 a prime number?
True
Is 45215768447 a composite number?
True
Is 1580425591 a prime number?
False
Is 1517212637 prime?
False
Is 16349428253 a prime number?
True
Is 2837581 composite?
False
Is 1352312189 a prime number?
True
Is 123135511 a composite number?
True
Is 31991709569 a prime number?
False
Is 483734341 prime?
True
Is 14825380177 prime?
False
Is 34384117783 composite?
True
Is 30805449359 prime?
True
Is 43393313 a composite number?
True
Is 49217034743 a prime number?
False
Is 1668306071 prime?
False
Is 6595156687 a prime number?
False
Is 73091019251 prime?
False
Is 368999278 a prime number?
False
Is 1905278191 prime?
True
Is 22223460097 prime?
False
Is 1777733459 prime?
True
Is 12563458861 a prime number?
True
Is 255004649 composite?
False
Is 62013849277 a prime number?
True
Is 13436423761 composite?
False
Is 205732117 prime?
True
Is 2975620413 a composite number?
True
Is 108322018759 prime?
True
Is 3742957039 composite?
False
Is 30505351901 a prime number?
True
Is 38933541791 a prime number?
False
Is 10031646607 prime?
True
Is 28886704415 prime?
False
Is 5743525223 prime?
True
Is 19461420857 prime?
True
Is 21075865249 a composite number?
True
Is 5989393303 prime?
False
Is 32413965427 a prime number?
False
Is 6876827399 a composite number?
True
Is 27996962863 a prime number?
True
Is 1238812447 composite?
True
Is 10249146431 prime?
False
Is 616565797 prime?
True
Is 3162561673 a composite number?
False
Is 17643195723 a prime number?
False
Is 3735847523 a composite number?
False
Is 89699567 composite?
True
Is 4878208273 composite?
False
Is 2248610209 composite?
False
Is 114023569 prime?
False
Is 31500427 composite?
True
Is 4481949103 a composite number?
False
Is 105029245109 a composite number?
False
Is 50617685449 a composite number?
True
Is 13707698167 a prime number?
False
Is 842470099 prime?
True
Is 47630523421 composite?
True
Is 1224003493 a composite number?
True
Is 932091409 prime?
False
Is 119586473 prime?
True
Is 516532001 a prime number?
False
Is 2978066153 a prime number?
False
Is 135415731499 prime?
True
Is 19442884291 a composite number?
True
Is 1697040731 composite?
False
Is 13649771771 prime?
True
Is 8089050183 composite?
True
Is 819799091 prime?
True
Is 24248931547 a composite number?
True
Is 14901063479 prime?
True
Is 56067878501 a prime number?
False
Is 2608008503 a composite number?
True
Is 83864683 prime?
False
Is 20390809877 prime?
False
Is 1440601231 prime?
True
Is 261982033 a prime number?
False
Is 18464051 prime?
True
Is 31142105131 a prime number?
True
Is 11211406289 a prime number?
True
Is 42293168971 composite?
False
Is 6403895539 a prime number?
True
Is 1426036489 a prime number?
True
Is 9672882697 a composite number?
True
Is 8972024507 a prime number?
True
Is 11367262586 prime?
False
Is 124465597057 a composite number?
False
Is 111534250637 composite?
True
Is 44406089671 a prime number?
True
Is 27223658129 composite?
False
Is 22438324229 prime?
False
Is 1731332443 prime?
True
Is 47968689229 composite?
True
Is 574411093 composite?
False
Is 91737299 prime?
True
Is 4882002191 prime?
False
Is 1583084417 a prime number?
True
Is 53420152309 a composite number?
False
Is 478547987 prime?
False
Is 2136588785 a prime number?
False
Is 28103293201 composite?
True
Is 179671583963 a prime number?
True
Is 17522776409 composite?
True
Is 748512691 a prime number?
False
Is 64420775893 a prime number?
True
Is 2180817721 prime?
True
Is 10031767979 prime?
True
Is 13197104809 prime?
False
Is 12925387663 composite?
False
Is 48575668423 composite?
False
Is 1234201201 a prime number?
True
Is 4505887409 composite?
True
Is 866571058 a prime number?
False
Is 2393382721 prime?
True
Is 1793140027 a composite number?
True
Is 33571800193 composite?
True
Is 5918453579 composite?
True
Is 39788857319 a composite number?
False
Is 12017182217 a prime number?
True
Is 41668950529 a composite number?
True
Is 42017168543 a composite number?
True
Is 95326511417 a composite number?
False
Is 1314061007 prime?
False
Is 6575713003 prime?
False
Is 69613381 composite?
False
Is 66695709389 a prime number?
True
Is 67199432143 composite?
True
Is 368268673 a composite number?
False
Is 3165934417 composite?
False
Is 200731066817 a composite number?
False
Is 20036524429 a prime number?
False
Is 11194200497 a composite number?
True
Is 10530705799 prime?
True
Is 720674411 composite?
False
Is 403922473 a prime number?
False
Is 39221849159 composite?
False
Is 2668056151 a prime number?
False
Is 57485813477 a prime number?
True
Is 776444701 a composite number?
False
Is 3034820273 a prime number?
False
Is 403989280651 a composite number?
True
Is 3596613899 a prime number?
True
Is 4290883231 prime?
False
Is 1697865503 a composite number?
True
Is 185004757939 a composite number?
False
Is 793973923 